). What is g(k)?
-15
Let r(g) = g**3 + 2*g - 6*g - 5*g**2 - 92 + 86. Let d = -166 - -172. Determine r(d).
6
Let a(r) = 2*r**2 + 2*r + 5. Let u = 3892 - 3892. Calculate a(u).
5
Let x(a) = 2*a - 50. Let f(c) = c**3 - 111*c**2 - 7*c + 789. Let v be f(111). Determine x(v).
-26
Let o be (24/16)/(3/10). Let m(a) = 5*a**2 - 287*a + 45 - a**3 - 47 + 289*a. Give m(o).
8
Let c be (26/(-5))/((-40)/200). Let y(t) = -16*t + 5 + c*t - 6*t. What is y(-2)?
-3
Let b(x) be the first derivative of -x**4/4 - 47*x**3/3 - x**2/2 - 39*x - 4571. Determine b(-47).
8
Let d(b) = 2*b**2 + b**2 + 30*b - 17 - 51*b + 34*b. What is d(-5)?
-7
Let i(a) = 4*a**2 - 3*a + 233*a**3 + 13 - 49*a**3 - 185*a**3. Give i(4).
1
Let f(g) = -g**3 - 8*g**2 - 8*g - 6. Let l be -4 + 1 + (1 - -61). Let u = l + -64. Let r be ((-1290)/(-36))/u + 2/12. What is f(r)?
1
Let v(z) = 66397 + 3*z + 0*z - 2*z**3 - 66411 + 8*z**2. Give v(4).
-2
Suppose 0*j - 2*j = 4*m, 2*j = 0. Let u(w) = -13*w + m*w + 7*w + 10*w - 2 + 2*w**3 - 4*w**2. Calculate u(2).
6
Let h(a) = 5*a**3 - 6*a**2 - 4*a - 5. Let y(v) = v**2 + v + 1. Let t be (6/4 + 1 + 0)*2. Let r(k) = t*y(k) + h(k). Let o be (35/(-14) + 3)*2/1. Calculate r(o).
5
Suppose -1306 = v - 12*v - 1339. Let o(u) = -u**3 - 5*u**2 - 12*u - 13. What is o(v)?
5
Let b be ((-6)/(-8))/((-5)/(-204))*5. Let v(c) = b*c**2 - 158*c**2 - c**3 - 2*c + 5 + 4*c. Determine v(-5).
-5
Let v(y) = 3*y**3 + 6*y**2 - 4*y + 1. Let a(r) = -2*r + 11*r**2 + 3 - 1 - 4*r - 3*r**3 + 9*r**3. Let m(d) = 3*a(d) - 5*v(d). Calculate m(-2).
-15
Let m(d) = -d**2 + 14*d + 17. Let b be 134/8 + (-91)/52 + 1. Determine m(b).
-15
Let t(v) = v + 56. Let k be t(-12). Let l = k + -36. Let g be (-16 - -21)*l/10. Let w(z) = -z**3 + 4*z**2 + 4*z - 1. Calculate w(g).
15
Let t(a) = -a**3 + 7*a**2 + 7*a + 13. Let h = -5288 - -5295. Give t(h).
62
Let l(j) be the first derivative of -j**4/4 + 7*j**3/3 - 2*j**2 + 16*j - 5828. Calculate l(8).
-80
Let f(c) = 2*c + 24. Let b be f(-11). Let s(q) = 2*q**3 - 9*q**2 + 15*q + 5. Let d(h) = 4*h**3 - 19*h**2 + 32*h + 11. Let z(v) = 6*d(v) - 13*s(v). What is z(b)?
-9
Let o = 23 - 23. Suppose o = -3*g + 74 - 197. Let w = 48 + g. Let t(u) = u**2 - 6*u - 10. Give t(w).
-3
Let n(w) = 3 - 25*w - 1 + 18*w. Let h = 1373 - 1372. What is n(h)?
-5
Let t(d) be the second derivative of -d**3/3 + 4*d**2 - 13*d. Let j be 0 + -1 - 33/(-3). Suppose -4*m - 3*v + 12 = 0, 7*v - 9*v = 3*m - j. Give t(m).
-4
Let q(b) = -47*b - 4225. Let u be q(-90). Let o(i) = 90*i - 455. Give o(u).
-5
Suppose 11*k + 19 - 85 = 0. Let d(c) = -13*c + 75. What is d(k)?
-3
Let b(f) = -10*f - 955. Let p(d) = -49*d - 5253. Let h(q) = 11*b(q) - 2*p(q). Suppose 9 - 36 = -2*c - 5*t, -2*t = 2*c - 12. Determine h(c).
-11
Suppose 0 = -98*m + 553 - 1533. Suppose 3*p - 3 = 3. Let g(h) = p*h + h**2 - 4*h**2 + 2*h**2 - 12 - 14*h. Calculate g(m).
8
Let u be 9*-2*3/(-18). Let w(k) be the first derivative of -1/4*k**4 + 0*k**2 + 2*k + 10 + k**3. Calculate w(u).
2
Let y(r) = r - 5 + 2 - 1. Suppose 5*v + 33 + 27 = -5*s, -5*s = -4*v - 3. Let x be 0/(-4*v/(-28)). What is y(x)?
-4
Let o(v) be the second derivative of -v - 1/20*v**5 + 0*v**2 - 2/3*v**3 + 0 + 1/2*v**4. Let j = 70365 - 70360. What is o(j)?
5
Let y(v) = 21*v - 441. Let w be y(21). Let c(m) = 1. Let n(q) = -q + 26. Let z(u) = 6*c(u) - n(u). Determine z(w).
-20
Let u(q) = -q**2 + q. Let y = -8 + 48. Let c = y + -40. Determine u(c).
0
Let w(q) = -q + 6. Let g be w(0). Suppose 0*f = f - g. Let z(o) be the second derivative of -o**5/20 + 7*o**4/12 - o**3 + 4*o**2 + o + 507. Give z(f).
8
Let l(q) = 6 + q**2 - 24*q - 160*q + 192*q. Let y be (1 - (-12)/(-9))*-9. Suppose -3*c + 5*g - 15 = 0, 2 = -c + y*g - 3. What is l(c)?
-9
Let f(h) = -8*h + 15*h - 13 - 13*h - h**2 - 6*h + 0*h**2. Let z be -2 + -20 + 0 + -2. Let k = z - -14. Give f(k).
7
Suppose -3*n = 9, -4*a + 27 = -3*n + 2. Suppose a = -2*c - 5*z, 2*z - z = 0. Let d(j) = 2*j**2 + 3*j + 2. What is d(c)?
4
Let w be 58/841 + (-450)/(-1044). Let o(j) be the first derivative of w*j**4 + 3*j + j**3 + 3/2*j**2 + 21. Determine o(-2).
-7
Suppose 2*m = -5*y + 26, 3*y - 6 = 2*m - 0*y. Let g(u) be the third derivative of 0*u + 0*u**3 + 11 - 1/60*u**5 + 3*u**2 + 1/24*u**4. Calculate g(m).
-6
Suppose 12*u + 55 = 23*u. Let m(t) = 4 - 3*t - u*t + 4*t + 6*t. Determine m(2).
8
Let j(m) = 19*m**3 - 2*m**2 + m. Let v be j(1). Let n be (-2)/v*3*(8 - 2). Let u(y) = 9*y**2 - 3*y - 2. Give u(n).
40
Let m(f) be the second derivative of -f**6/180 - f**5/40 - 7*f**4/6 - f + 12. Let q(r) be the third derivative of m(r). Determine q(-2).
5
Let d be -9*(-3)/(-18)*4. Let v(y) be the first derivative of -y**4/4 - 7*y**3/3 - 4*y**2 - 7*y - 99. Give v(d).
5
Let o = 122 - 94. Let b(y) = -5*y + 13 - o + 15. Give b(-5).
25
Let v be (0/2)/((-2)/1). Suppose -3*a - 3 = f, v = -2*a + 3 - 5. Let s(q) be the first derivative of -q**4/4 - q**3/3 + q**2/2 + 7*q + 14602. Give s(f).
7
Let j(w) = 31*w + 206. Let i(a) = 16*a + 103. Let v(r) = -5*i(r) + 3*j(r). Let n be v(-8). Let g(b) = 2*b**3 + 2*b**2 + b. What is g(n)?
-1
Let o be -99 - ((-6)/2 + 2). Let h be 2/10 - o/35. Let p(i) = 2*i**2 - h + i**2 - 2*i + 3. Determine p(-2).
16
Let j(t) be the first derivative of 4*t**3/3 + 1. Let p = -1773 - -1122. Let m = -652 - p. Calculate j(m).
4
Let y(n) be the second derivative of n**6/120 - n**4/12 + n**3/3 - 13*n**2 + 13*n. Let a(j) be the first derivative of y(j). Determine a(-3).
-19
Let d(l) = -19 - 12*l + l - l**2 + 20 - 27. Let t be d(-7). Let o(w) = -2*w**3 + 9 - 2*w + 5*w**2 - 8 - t*w**2. What is o(2)?
-7
Let j(c) = 25*c + 1. Suppose m - 2*x = 227 - 238, -21 = -3*m - 3*x. Give j(m).
26
Let w(b) = -3*b - 9. Suppose -17*j + 14*j - 3*y - 21 = 0, -2*y - 6 = -2*j. What is w(j)?
-3
Let v(s) = -s. Suppose x + 46 - 413 = 4*h, 5*x + 5*h - 1885 = 0. Suppose 19*d - 4*d = x. Suppose -d + 7 = -5*a - 4*y, 0 = 4*y - 8. Give v(a).
-2
Let h(d) = 12*d**2 + 178785*d - 4 - 178782*d - 13*d**2. Let v(n) = n + 2. Let c be v(4). What is h(c)?
-22
Let v = -18876 - -18866. Let b(y) = -2*y**3 - 20*y**2 + 4*y + 10. What is b(v)?
-30
Let p(i) = 125089*i - 125089*i + i**2 - 2. Suppose 0 = -h, 0 = -c - 3*h + h + 2. What is p(c)?
2
Let f(x) = -23*x + 19. Let g(h) = -820*h - 816. Let r be g(-1). Calculate f(r).
-73
Let x(k) = -k**2 + 7*k + 7. Let q = 134 - 299. Let r = -157 - q. Calculate x(r).
-1
Let p(h) = -7*h - 446803*h**2 + 223409*h**2 + 223390*h**2 + h**3 + 4. Let r(n) = -n + 9. Let a be r(6). Let j = a - -2. Give p(j).
-6
Let i be ((-20)/32)/(6/96). Let t(f) = -f**2 - 7*f + 27. Calculate t(i).
-3
Let k(s) = s**2 - 27*s - 24. Let h be k(28). Suppose 0 = 2*l + 5*v - 5, 31 = -9*l + h*l + 2*v. Let p(m) = -m**3 - 6*m**2 - 5*m - 6. Give p(l).
-6
Let u be 10/(-2 - 4/(-3)). Let j be (-33)/(-4)*((-50)/30 + 3). Let n = u + j. Let s(a) = -a**3 - 2*a**2 + 6*a + 3. Give s(n).
11
Let c(r) = r**2 + 11*r + 4. Let u be 28/21*9/6. Let p(f) = f**3 - 5*f**2 + 6*f - 10. Let n be p(u). What is c(n)?
-6
Let d(x) be the first derivative of 66 - 12*x - 11/3*x**3 - 1/4*x**4 + 15/2*x**2. Calculate d(-12).
-48
Let u(z) = -3*z**2 + 102*z - 494. Let c be u(28). Let n(l) = 2*l - 9. Calculate n(c).
11
Suppose -z + 4*z = 3*g + 321, 95 = z + 2*g. Let o = 148 - 45. Let p(l) = l - z + o. Calculate p(-5).
-5
Let u(v) be the third derivative of v**4/24 + 16*v**3/3 + 827*v**2. What is u(-11)?
21
Suppose 7 = 4*h - 308*u + 311*u, 1 = -4*h + 5*u. Let q(z) = -5*z**2 + 2*z + 2. What is q(h)?
-1
Let y(n) = n**2 + 3*n - 8. Let q be 0/((-21)/21 - 4). Give y(q).
-8
Suppose -3300*m + 3273*m - 162 = 0. Let r(g) = -8*g - 50. Calculate r(m).
-2
Let q(i) = -i**2 + 9*i - 12. Let k = -282 - -435. Let n be (-18)/15 - k/(-15). Give q(n).
-12
Suppose 2*h + 3*y = 13, -5*h - 6 = -2*h - 4*y. Let x(w) = -2*w**2 - 30*w. Let v(l) = 9*l**2 + 165*l + 1. Let r(t) = 2*v(t) + 11*x(t). Give r(h).
-14
Let u(x) be the second derivative of x**6/360 - 3*x**5/40 + 5*x**4/8 - 4*x**3 + x**2 - 248*x. Let y(s) be the second derivative of u(s). Give y(10).
25
Let i(t) = t**2 + 8*t. Suppose 0 = -2*m + 5*l + 85, -124 - 99 = -5*m + 2*l. Let x be (-22)/4 + m/(-18). Give i(x).
0
Let y = 38 + -30. Let z(n) = 2*n - 12. Let d be z(7). Let i(o) = -o**3 + y*o**2 - o - 17 + 22 - d*o + o. Calculate i(8).
-11
Suppose 2*m + m = -2*w + 25, 0 = 2*m - 4*w + 10. Let s(c) = -2*c - 5*c**2 + 